is the greatest common factor of 816 and 2748441?
51
What is the greatest common divisor of 943065 and 8605?
5
Calculate the greatest common factor of 330 and 9326490.
30
Calculate the highest common factor of 3 and 652027.
1
Calculate the highest common divisor of 1768872 and 55872.
24
What is the greatest common divisor of 284400 and 22143600?
3600
What is the greatest common factor of 370 and 9352786?
74
What is the highest common factor of 626873 and 247?
13
Calculate the highest common factor of 705 and 12047839.
47
Calculate the greatest common factor of 1751310278 and 172.
86
What is the highest common factor of 9787356 and 190?
38
Calculate the highest common divisor of 827244 and 11880.
396
What is the highest common factor of 27763682 and 482?
482
What is the highest common factor of 1476370 and 1495?
115
Calculate the greatest common divisor of 6556 and 143732105.
1639
Calculate the greatest common divisor of 3584 and 50702624.
224
Calculate the highest common divisor of 4758686 and 8649.
31
Calculate the greatest common factor of 143 and 3177499.
13
What is the highest common divisor of 135908 and 44560?
2228
What is the highest common factor of 83049 and 6834756?
1767
What is the greatest common divisor of 513416520 and 360?
360
Calculate the greatest common factor of 88359097 and 2281.
2281
Calculate the highest common factor of 124966125 and 4725.
675
What is the highest common factor of 162377 and 37133?
71
Calculate the greatest common divisor of 8734588 and 7304.
332
What is the greatest common divisor of 57472100 and 1295?
1295
What is the greatest common factor of 1277822478 and 436?
218
What is the highest common factor of 6414 and 642?
6
What is the highest common factor of 17151401 and 7682?
167
Calculate the highest common factor of 114831053 and 211.
211
What is the greatest common divisor of 886140 and 5010?
30
What is the highest common divisor of 5200 and 479680?
80
Calculate the greatest common factor of 773985245 and 8734.
4367
What is the greatest common divisor of 25717861 and 1339?
13
What is the greatest common factor of 2101 and 1221275?
11
What is the highest common divisor of 61373 and 35398058?
4721
What is the greatest common divisor of 12501 and 36711?
9
Calculate the greatest common divisor of 25 and 165211125.
25
What is the highest common factor of 1785 and 27816495?
105
Calculate the highest common divisor of 2751 and 1465359.
21
What is the greatest common factor of 743229218 and 6022?
6022
What is the highest common divisor of 752327 and 148321?
1787
What is the greatest common divisor of 1069356248 and 8?
8
What is the greatest common divisor of 9294618 and 15375?
123
What is the greatest common factor of 92 and 24423988?
4
What is the highest common divisor of 19488102 and 6?
6
What is the greatest common factor of 1508 and 38510927?
377
What is the highest common divisor of 303 and 10098889?
101
What is the highest common factor of 51215542 and 553?
553
What is the greatest common factor of 254374296 and 6072?
6072
What is the highest common divisor of 75480595 and 46?
23
What is the greatest common factor of 126309 and 1659807?
1779
Calculate the greatest common divisor of 2543993 and 2308.
577
What is the highest common divisor of 614 and 296894174?
614
Calculate the highest common factor of 1323 and 463869.
63
What is the highest common divisor of 44162216 and 12560?
1256
What is the greatest common factor of 544 and 1578944?
32
Calculate the highest common divisor of 11365 and 57080.
5
Calculate the greatest common factor of 1211935 and 12025.
185
What is the greatest common factor of 11740268 and 5576?
2788
Calculate the highest common factor of 22233604 and 145.
29
Calculate the highest common factor of 52007 and 213983.
397
Calculate the greatest common factor of 171756 and 108576.
468
Calculate the highest common factor of 148 and 722351.
37
What is the highest common divisor of 117825 and 165?
15
What is the greatest common divisor of 13833 and 231246?
261
What is the highest common divisor of 266 and 1055355?
133
What is the highest common factor of 32277303 and 1266?
633
What is the greatest common divisor of 33 and 70988181?
33
What is the greatest common divisor of 10 and 28407590?
10
What is the highest common factor of 11185539 and 9?
3
What is the highest common factor of 3773 and 476476?
539
What is the highest common factor of 1326 and 42593434?
26
Calculate the greatest common factor of 18576 and 191324544.
2064
What is the highest common divisor of 642500 and 8900?
100
What is the highest common divisor of 61569338 and 326?
326
Calculate the greatest common divisor of 12273811 and 77.
11
What is the highest common divisor of 456632 and 26136?
88
Calculate the highest common factor of 55604573 and 213.
71
Calculate the highest common divisor of 17180055 and 262235.
1465
What is the highest common factor of 3278 and 73403?
11
What is the greatest common divisor of 21403 and 10438369?
1259
Calculate the greatest common factor of 1325 and 359200.
25
What is the greatest common divisor of 8037 and 64259199?
423
Calculate the highest common factor of 31451 and 1771.
7
What is the greatest common divisor of 9085993 and 1739?
47
Calculate the highest common factor of 1154 and 86678094.
1154
What is the greatest common divisor of 130447179 and 4617?
1539
What is the highest common divisor of 876 and 77840922?
438
Calculate the greatest common factor of 1463948693 and 17.
17
Calculate the highest common divisor of 30317165 and 1340.
335
Calculate the highest common divisor of 2019 and 95456974.
673
Calculate the greatest common divisor of 450 and 43100560.
10
Calculate the highest common factor of 18171244 and 286.
26
What is the highest common divisor of 611966 and 1189779?
697
Calculate the greatest common divisor of 16 and 87412792.
8
Calculate the greatest common factor of 507 and 12088336.
13
Calculate the greatest common divisor of 392842621 and 2113.
2113
Calculate the highest common factor of 5920 and 439050880.
5920
What is the greatest common factor of 1126 and 17397263?
563
Calculate the highest common divisor of 10730 and 197555395.
5365
What is the greatest common divisor of 782 and 132733161?
391
Calculate the greatest common divisor of 106624 and 211072.
2176
Calculate the greatest common divisor of 261 and 124965.
9
Calculate the greatest common divisor of 6440348 and 104516.
3604
Calculate the highest common divisor of 35694 and 2442.
6
What is the highest common factor of 10043 and 1553677?
83
Calculate the greatest common divisor of 555 and 3449288.
37
What is the highest common divisor of 2488785 and 2535?
195
Calculate the highest common factor of 8368 and 6266063.
523
What is the highest common divisor of 28052089 and 141259?
4871
What is the greatest common factor of 174469 and 7?
1
What is the highest common divisor of 401167843 and 38?
19
Calculate the highest common divisor of 1246062748 and 5718.
1906
Calculate the greatest common divisor of 49997 and 357.
17
Calculate the highest common factor of 72 and 16294776.
24
Calculate the highest common divisor of 118854 and 16479.
9
What is the highest common factor of 2872 and 6578316?
1436
Calculate the greatest common factor of 2741881 and 61907.
1997
Calculate the greatest common divisor of 509794 and 656.
82
What is the highest common factor of 7996 and 34650666?
3998
Calculate the greatest common factor of 932548437 and 3.
3
What is the greatest common factor of 94572 and 904243?
37
Calculate the highest common divisor of 81 and 497488878.
81
Calculate the highest common factor of 119004 and 3352579.
211
What is the highest common divisor of 5230 and 34939015?
2615
What is the greatest common divisor of 95 and 106697996?
19
Calculate the greatest common factor of 144467940 and 60.
60
What is the greatest common factor of 2391 and 1620?
3
What is the highest common divisor of 21387616 and 1653?
551
What is the greatest common factor of 2933 and 198209207?
2933
Calculate the highest common factor of 45 and 6466735.
5
What is the highest common factor of 13718 and 254866?
722
What is the greatest common factor of 87 and 12712208?
29
Calculate the greatest common factor of 722 and 117925343.
361
Calculate the